igit of 181002933?
8
What is the thousands digit of 448991957?
1
What is the units digit of 498332685?
5
What is the hundreds digit of 29025219?
2
What is the hundreds digit of 469670869?
8
What is the thousands digit of 204194938?
4
What is the hundred thousands digit of 426028106?
0
What is the hundred thousands digit of 956320396?
3
What is the thousands digit of 1659819422?
9
What is the billions digit of 1749431897?
1
What is the millions digit of 54518014?
4
What is the thousands digit of 41907016?
7
What is the ten thousands digit of 27150695?
5
What is the tens digit of 6527612532?
3
What is the thousands digit of 319382740?
2
What is the hundreds digit of 21402183?
1
What is the thousands digit of 203610528?
0
What is the hundred thousands digit of 92721338?
7
What is the hundred millions digit of 243822045?
2
What is the hundreds digit of 63776349?
3
What is the millions digit of 52039944?
2
What is the ten thousands digit of 111443944?
4
What is the ten millions digit of 52542567?
5
What is the units digit of 27648420?
0
What is the hundreds digit of 1778034509?
5
What is the millions digit of 758500169?
8
What is the hundred thousands digit of 27088251?
0
What is the ten thousands digit of 77057589?
5
What is the thousands digit of 1324962032?
2
What is the millions digit of 208087457?
8
What is the hundreds digit of 134147094?
0
What is the ten thousands digit of 1935957244?
5
What is the tens digit of 48092519?
1
What is the units digit of 659242180?
0
What is the tens digit of 30221367?
6
What is the hundred thousands digit of 144386145?
3
What is the millions digit of 11260562?
1
What is the thousands digit of 410318477?
8
What is the tens digit of 150513176?
7
What is the thousands digit of 17851602?
1
What is the hundreds digit of 69265953?
9
What is the ten millions digit of 1044290605?
4
What is the tens digit of 725406050?
5
What is the thousands digit of 36691750?
1
What is the tens digit of 554037400?
0
What is the thousands digit of 59338816?
8
What is the ten thousands digit of 1106699933?
9
What is the tens digit of 442609779?
7
What is the tens digit of 18627315?
1
What is the ten thousands digit of 60698908?
9
What is the hundred millions digit of 1492836994?
4
What is the billions digit of 1038083851?
1
What is the hundred millions digit of 1406641182?
4
What is the ten millions digit of 159346428?
5
What is the hundreds digit of 5311025191?
1
What is the hundreds digit of 127505165?
1
What is the ten millions digit of 899245675?
9
What is the hundred thousands digit of 71091567?
0
What is the hundred millions digit of 1068202732?
0
What is the hundreds digit of 138753586?
5
What is the ten thousands digit of 210553712?
5
What is the units digit of 1715144557?
7
What is the thousands digit of 725251580?
1
What is the tens digit of 6404731740?
4
What is the hundreds digit of 40526589?
5
What is the hundred thousands digit of 174561801?
5
What is the hundred millions digit of 4120040250?
1
What is the tens digit of 64203745?
4
What is the hundred millions digit of 3630196928?
6
What is the ten thousands digit of 29601813?
0
What is the tens digit of 167354609?
0
What is the hundreds digit of 56255489?
4
What is the units digit of 8090354202?
2
What is the thousands digit of 2894512824?
2
What is the billions digit of 2716468172?
2
What is the ten thousands digit of 32540145?
4
What is the hundred thousands digit of 148421277?
4
What is the units digit of 2899192?
2
What is the hundred millions digit of 4397724287?
3
What is the thousands digit of 37559573?
9
What is the units digit of 305137489?
9
What is the ten millions digit of 351729520?
5
What is the ten millions digit of 975905281?
7
What is the hundred thousands digit of 862804804?
8
What is the thousands digit of 48728017?
8
What is the hundred millions digit of 135533526?
1
What is the hundred millions digit of 824320283?
8
What is the units digit of 593830844?
4
What is the units digit of 2448359157?
7
What is the hundreds digit of 3936337274?
2
What is the thousands digit of 907158113?
8
What is the ten thousands digit of 2046360521?
6
What is the hundred millions digit of 599651336?
5
What is the hundred millions digit of 1409687281?
4
What is the hundred thousands digit of 23030401?
0
What is the hundreds digit of 369602327?
3
What is the hundreds digit of 1055890222?
2
What is the tens digit of 1093803?
0
What is the hundred millions digit of 203841798?
2
What is the units digit of 89504755?
5
What is the millions digit of 21609607?
1
What is the thousands digit of 91787005?
7
What is the units digit of 49734388?
8
What is the units digit of 1020208582?
2
What is the hundred millions digit of 1636330462?
6
What is the ten millions digit of 15953652?
1
What is the hundred millions digit of 7770780296?
7
What is the thousands digit of 274347015?
7
What is the ten thousands digit of 41719810?
1
What is the millions digit of 166706737?
6
What is the thousands digit of 15060839?
0
What is the millions digit of 17415368?
7
What is the hundred thousands digit of 5943968839?
9
What is the units digit of 4432427978?
8
What is the hundred thousands digit of 26008709?
0
What is the thousands digit of 389797008?
7
What is the hundred millions digit of 938650689?
9
What is the millions digit of 115699289?
5
What is the units digit of 91659516?
6
What is the units digit of 43258169?
9
What is the units digit of 109343929?
9
What is the millions digit of 501205736?
1
What is the ten millions digit of 48970215?
4
What is the tens digit of 123337866?
6
What is the ten thousands digit of 746857325?
5
What is the units digit of 24695475?
5
What is the hundred thousands digit of 172221619?
2
What is the hundred millions digit of 706984239?
7
What is the ten thousands digit of 3463135209?
3
What is the millions digit of 340429887?
0
What is the units digit of 97886419?
9
What is the hundred thousands digit of 168431575?
4
What is the units digit of 86247790?
0
What is the units digit of 90921271?
1
What is the ten thousands digit of 36165174?
6
What is the tens digit of 115818303?
0
What is the hundred thousands digit of 967241317?
2
What is the tens digit of 6198344?
4
What is the tens digit of 1910285278?
7
What is the ten millions digit of 401353950?
0
What is the thousands digit of 1770159186?
9
What is the thousands digit of 1245802326?
2
What is the ten thousands digit of 3138526?
3
What is the ten thousands digit of 3861645644?
4
What is the hundreds digit of 487063712?
7
What is the hundred thousands digit of 369761360?
7
What is the ten millions digit of 49085737?
4
What is the hundred thousands digit of 6803972?
8
What is the thousands digit of 44339601?
9
What is the hundred thousands digit of 24604813?
6
What is the ten thousands digit of 90855015?
5
What is the ten millions digit of 202835344?
0
What is the hundreds digit of 1383290029?
0
What is the tens digit of 665686105?
0
What is the hundred thousands digit of 156122305?
1
What is the hundred thousands digit of 314311617?
3
What is the hundreds digit of 598893782?
7
What is the ten millions digit of 797360967?
9
What is the tens digit of 217466182?
8
What is the hundred thousands digit of 30033999?
0
What is the hundreds digit of 796538227?
2
What is the hundred millions digit of 292561559?
2
What is the hundred thousands digit of 607949763?
9
What is the ten thousands digit of 316600064?
0
What is the millions digit of 17837386?
7
What is the millions digit of 62931227?
2
What is the ten thousands digit of 489494085?
9
What is the millions digit of 290552628?
0
What is the hundreds digit of 118155465?
4
What is the ten thousands digit of 350350667?
5
What is the hundred thousands digit of 295658579?
6
What is the units digit of 317281702?
2
What is the thousands digit of 2142789481?
9
What is the units digit of 194889174?
4
What is the ten millions digit of 69715980?
6
What is the units digit of 675503928?
8
What is the tens digit of 44566321?
2
What is the thousands digit of 290153502?
3
What is the hundred thousands digit of 13520964?
5
What is the units digit of 382452716?
6
What is the units digit of 3651280289?
9
What is the millions digit of 57196004?
7
What is the hundred thousands digit of 53